{"id":14,"date":"2012-08-08T17:05:21","date_gmt":"2012-08-08T17:05:21","guid":{"rendered":"http:\/\/localhost\/wordpress\/?page_id=14"},"modified":"2012-08-23T17:27:02","modified_gmt":"2012-08-23T17:27:02","slug":"fale-conosco","status":"publish","type":"page","link":"http:\/\/sintema.org.br\/sintema\/fale-conosco\/","title":{"rendered":"fale conosco"},"content":{"rendered":"<p>D\u00favidas, elogios ou sugest\u00f5es aqui \u00e9 o lugar certo.<\/p>\n<p>Nossa equipe entrer\u00e1 em contato o mais breve possivel.<\/p>\n<p>&nbsp;<\/p>\n<p>[contact_form] <\/p>\n","protected":false},"excerpt":{"rendered":"<p>D\u00favidas, elogios ou sugest\u00f5es aqui \u00e9 o lugar certo. Nossa equipe entrer\u00e1 em contato o mais breve possivel. &nbsp; [contact_form]<\/p>\n","protected":false},"author":2,"featured_media":0,"parent":0,"menu_order":15,"comment_status":"open","ping_status":"closed","template":"","meta":[],"_links":{"self":[{"href":"http:\/\/sintema.org.br\/sintema\/wp-json\/wp\/v2\/pages\/14"}],"collection":[{"href":"http:\/\/sintema.org.br\/sintema\/wp-json\/wp\/v2\/pages"}],"about":[{"href":"http:\/\/sintema.org.br\/sintema\/wp-json\/wp\/v2\/types\/page"}],"author":[{"embeddable":true,"href":"http:\/\/sintema.org.br\/sintema\/wp-json\/wp\/v2\/users\/2"}],"replies":[{"embeddable":true,"href":"http:\/\/sintema.org.br\/sintema\/wp-json\/wp\/v2\/comments?post=14"}],"version-history":[{"count":2,"href":"http:\/\/sintema.org.br\/sintema\/wp-json\/wp\/v2\/pages\/14\/revisions"}],"predecessor-version":[{"id":257,"href":"http:\/\/sintema.org.br\/sintema\/wp-json\/wp\/v2\/pages\/14\/revisions\/257"}],"wp:attachment":[{"href":"http:\/\/sintema.org.br\/sintema\/wp-json\/wp\/v2\/media?parent=14"}],"curies":[{"name":"wp","href":"https:\/\/api.w.org\/{rel}","templated":true}]}}